{"id":268,"date":"2021-03-10T23:12:09","date_gmt":"2021-03-10T23:12:09","guid":{"rendered":"https:\/\/cdoc.serpaj.org.ar\/cdoc\/?page_id=268"},"modified":"2023-05-02T23:18:38","modified_gmt":"2023-05-02T23:18:38","slug":"publicaciones","status":"publish","type":"page","link":"https:\/\/cdoc.serpaj.org.ar\/cdoc\/?page_id=268","title":{"rendered":"Publicaciones"},"content":{"rendered":"\t\t<div data-elementor-type=\"wp-page\" data-elementor-id=\"268\" class=\"elementor elementor-268\">\r\n\t\t\t\t\t\t\t\t\t<section class=\"elementor-section elementor-top-section elementor-element elementor-element-336ce1ea elementor-section-boxed elementor-section-height-default elementor-section-height-default\" data-id=\"336ce1ea\" data-element_type=\"section\">\r\n\t\t\t\t\t\t\t<div class=\"elementor-background-overlay\"><\/div>\r\n\t\t\t\t\t\t\t<div class=\"elementor-container elementor-column-gap-default\">\r\n\t\t\t\t\t<div class=\"elementor-column elementor-col-100 elementor-top-column elementor-element elementor-element-675afa44\" data-id=\"675afa44\" data-element_type=\"column\">\r\n\t\t\t<div class=\"elementor-widget-wrap elementor-element-populated\">\r\n\t\t\t\t\t\t\t\t<div class=\"elementor-element elementor-element-f6088ea elementor-position-left elementor-vertical-align-top elementor-widget elementor-widget-image-box\" data-id=\"f6088ea\" data-element_type=\"widget\" data-widget_type=\"image-box.default\">\r\n\t\t\t\t<div class=\"elementor-widget-container\">\r\n\t\t\t<div class=\"elementor-image-box-wrapper\"><figure class=\"elementor-image-box-img\"><a href=\"https:\/\/serpaj.org.ar\/wp-content\/uploads\/2021\/04\/REVISTA-OFICIAL-DE-SERPAJ-AL.pdf\" target=\"_blank\"><img loading=\"lazy\" decoding=\"async\" width=\"469\" height=\"597\" src=\"https:\/\/cdoc.serpaj.org.ar\/cdoc\/wp-content\/uploads\/2021\/04\/revista1.jpg\" class=\"attachment-full size-full\" alt=\"\" \/><\/a><\/figure><div class=\"elementor-image-box-content\"><h3 class=\"elementor-image-box-title\"><a href=\"https:\/\/serpaj.org.ar\/wp-content\/uploads\/2021\/04\/REVISTA-OFICIAL-DE-SERPAJ-AL.pdf\" target=\"_blank\">Revista de SERPAJ Latinoam\u00e9rica N\u00b01<\/a><\/h3><p class=\"elementor-image-box-description\">Revista Latinoamericana Noviolenta, Ecum\u00e9nica, Pol\u00edtica, de Cultura de Paz y Derechos Humanos.<br\/>\nRevista No. 001 Abril-Junio  2021<\/p><\/div><\/div>\t\t<\/div>\r\n\t\t\t\t<\/div>\r\n\t\t\t\t<div class=\"elementor-element elementor-element-6f3824c elementor-position-left elementor-vertical-align-top elementor-widget elementor-widget-image-box\" data-id=\"6f3824c\" data-element_type=\"widget\" data-widget_type=\"image-box.default\">\r\n\t\t\t\t<div class=\"elementor-widget-container\">\r\n\t\t\t<div class=\"elementor-image-box-wrapper\"><figure class=\"elementor-image-box-img\"><a href=\"https:\/\/bit.ly\/3505kL5\" target=\"_blank\"><img loading=\"lazy\" decoding=\"async\" width=\"248\" height=\"320\" src=\"https:\/\/cdoc.serpaj.org.ar\/cdoc\/wp-content\/uploads\/2021\/04\/Derecho-de-los-Pueblos.png\" class=\"attachment-full size-full\" alt=\"\" \/><\/a><\/figure><div class=\"elementor-image-box-content\"><h3 class=\"elementor-image-box-title\"><a href=\"https:\/\/bit.ly\/3505kL5\" target=\"_blank\">Derechos de los Pueblos. Andares desde el  Sur<\/a><\/h3><p class=\"elementor-image-box-description\">Pr\u00f3logo de Adolfo P\u00e9rez Esquivel.\n<br>Este libro es una especie de un gran tejido colectivo de experiencias y miradas que al momento de publicarlo sigue teji\u00e9ndose. Naci\u00f3 de encuentros, charlas y reflexiones gestadas en el marco de procesos de luchas. Pretende invitar a pensar a partir de procesos de resistencia y organizaci\u00f3n en torno a pr\u00e1cticas de avasallamiento de la dignidad humana de lxs sujetxs y colectivos, hacia hombres y mujeres, LGBTIQ+, ni\u00f1xs y adolescentes; hacia pueblos que, al ver vulnerada su dignidad e integridad, se est\u00e1n dando procesos de organizaci\u00f3n para transformar la realidad y haci\u00e9ndose de herramientas conceptuales para entenderla y explicarla. <br>A partir de una mirada relacional de los procesos y din\u00e1micas econ\u00f3micas, sociales, pol\u00edticas, culturales en la que no es posible pensar, por ejemplo, lo educacional alejado de las relaciones de poder y el capital econ\u00f3mico en la que se gestan estos procesos. Estas relaciones tambi\u00e9n se vinculan con los procesos ling\u00fc\u00edsticos que, por ejemplo, tampoco se dan escindidos de l\u00f3gicas de desposesi\u00f3n de territorios, en la que los abusos y explotaci\u00f3n laboral, las estafas laborales, la trata laboral o con fines de explotaci\u00f3n sexual, las desapariciones forzadas, no se dan sin un Estado que haga o deje de hacer, a trav\u00e9s de sus fuerzas de seguridad, sus leyes, su aparato de justicia.\n\n<br><a href=\"https:\/\/docs.google.com\/document\/d\/17NZeXEVEQTOYfqUYOc6ua5Mbup9CLlfdpjQqT8OOa0o\">Descarga gratuita: https:\/\/bit.ly\/3505kL5<\/a><\/p><\/div><\/div>\t\t<\/div>\r\n\t\t\t\t<\/div>\r\n\t\t\t\t<div class=\"elementor-element elementor-element-df09724 elementor-widget elementor-widget-spacer\" data-id=\"df09724\" data-element_type=\"widget\" data-widget_type=\"spacer.default\">\r\n\t\t\t\t<div class=\"elementor-widget-container\">\r\n\t\t\t\t\t<div class=\"elementor-spacer\">\r\n\t\t\t<div class=\"elementor-spacer-inner\"><\/div>\r\n\t\t<\/div>\r\n\t\t\t\t<\/div>\r\n\t\t\t\t<\/div>\r\n\t\t\t\t<div class=\"elementor-element elementor-element-c6fbf47 elementor-position-left elementor-vertical-align-top elementor-widget elementor-widget-image-box\" data-id=\"c6fbf47\" data-element_type=\"widget\" data-widget_type=\"image-box.default\">\r\n\t\t\t\t<div class=\"elementor-widget-container\">\r\n\t\t\t<div class=\"elementor-image-box-wrapper\"><figure class=\"elementor-image-box-img\"><img loading=\"lazy\" decoding=\"async\" width=\"200\" height=\"191\" src=\"https:\/\/cdoc.serpaj.org.ar\/cdoc\/wp-content\/uploads\/2021\/04\/Tapa-I.jpg\" class=\"attachment-full size-full\" alt=\"\" \/><\/figure><div class=\"elementor-image-box-content\"><h3 class=\"elementor-image-box-title\"> Boletines y Revistas Paz y Justicia <\/h3><p class=\"elementor-image-box-description\">Los Boletines y Revistas Paz y Justicia, fueron  el \u00f3rgano de difusi\u00f3n del Servicio de Paz y Justicia en tiempos de dictadura, de transici\u00f3n hacia la democracia y en democracia.<br\/> \nEsta publicaci\u00f3n digitalizada en tres vol\u00famenes, podr\u00e1 encontrar parte de nuestra historia reciente, sobre violaci\u00f3n de DDHH y Noviolencia. Su contenido resultar\u00e1 de gran utilidad para estudiantes e investigados. Se pueden solicitar los tres CDs a la persona encargada de nuestro archivo o tambi\u00e9n se puede acceder a los volumen I, II y III en forma virtual al siguiente:<br\/>\n\u27a5<a href=\"https:\/\/cdoc.serpaj.org.ar\/cdoc\/?page_id=356\" target=\"_blank\" rel=\"noreferrer noopener\">Bolet\u00edn Paz y Justicia Am\u00e9rica Latina (1973-1983)<\/a><br>\n\u27a5<a href=\"https:\/\/cdoc.serpaj.org.ar\/cdoc\/?page_id=351\" target=\"_blank\" rel=\"noreferrer noopener\">Revista Paz y Justicia Argentina (1983-1984)<\/a><br>\n\u27a5<a href=\"https:\/\/cdoc.serpaj.org.ar\/cdoc\/?page_id=360\/\" target=\"_blank\" rel=\"noreferrer noopener\">Revista Paz y Justicia Argentina (1989-1998)<\/a>\n    \n\n\n  \n<\/p><\/div><\/div>\t\t<\/div>\r\n\t\t\t\t<\/div>\r\n\t\t\t\t<div class=\"elementor-element elementor-element-a0e7ebc elementor-widget elementor-widget-spacer\" data-id=\"a0e7ebc\" data-element_type=\"widget\" data-widget_type=\"spacer.default\">\r\n\t\t\t\t<div class=\"elementor-widget-container\">\r\n\t\t\t\t\t<div class=\"elementor-spacer\">\r\n\t\t\t<div class=\"elementor-spacer-inner\"><\/div>\r\n\t\t<\/div>\r\n\t\t\t\t<\/div>\r\n\t\t\t\t<\/div>\r\n\t\t\t\t<div class=\"elementor-element elementor-element-741d4a8 elementor-position-left elementor-vertical-align-top elementor-widget elementor-widget-image-box\" data-id=\"741d4a8\" data-element_type=\"widget\" data-widget_type=\"image-box.default\">\r\n\t\t\t\t<div class=\"elementor-widget-container\">\r\n\t\t\t<div class=\"elementor-image-box-wrapper\"><figure class=\"elementor-image-box-img\"><img loading=\"lazy\" decoding=\"async\" width=\"1107\" height=\"1549\" src=\"https:\/\/cdoc.serpaj.org.ar\/cdoc\/wp-content\/uploads\/2021\/04\/img170.jpg\" class=\"attachment-full size-full\" alt=\"\" \/><\/figure><div class=\"elementor-image-box-content\"><h3 class=\"elementor-image-box-title\">La intervenci\u00f3n estatal en la protesta social.<br\/> Dinamica entre el Estado y organizaciones de derechos humanos en Argentina.<\/h3><p class=\"elementor-image-box-description\">Este trabajo de investigaci\u00f3n conjuga un verdadero acontecimiento por la conformaci\u00f3n de un equipo de trabajo integrado por miembros de instituciones de seguridad y de derechos humanos, plantea  un espacio de aprendizaje y de crecimiento, como as\u00ed tambi\u00e9n un aporte a la reflexi\u00f3n, sobre c\u00f3mo debe proceder el Estado ante situaciones de protestas sociales, cu\u00e1l debe ser el rol de las fuerzas de seguridad en esta clase de conflictos y qu\u00e9 derechos deber\u00edan privilegiarse. \nEsta publicaci\u00f3n realiza una propuesta superadora de los paradigmas que plantean la cristalizaci\u00f3n de posturas que impiden revolucionar realidades\nEste libro fue realizado por el Cap\u00edtulo Argentino de la Plataforma Interamericana de DDHH, Democracia y Desarrollo (PIDHDD)<\/p><\/div><\/div>\t\t<\/div>\r\n\t\t\t\t<\/div>\r\n\t\t\t\t<div class=\"elementor-element elementor-element-e40b1d4 elementor-widget elementor-widget-spacer\" data-id=\"e40b1d4\" data-element_type=\"widget\" data-widget_type=\"spacer.default\">\r\n\t\t\t\t<div class=\"elementor-widget-container\">\r\n\t\t\t\t\t<div class=\"elementor-spacer\">\r\n\t\t\t<div class=\"elementor-spacer-inner\"><\/div>\r\n\t\t<\/div>\r\n\t\t\t\t<\/div>\r\n\t\t\t\t<\/div>\r\n\t\t\t\t<div class=\"elementor-element elementor-element-4e7def3 elementor-position-left elementor-vertical-align-top elementor-widget elementor-widget-image-box\" data-id=\"4e7def3\" data-element_type=\"widget\" data-widget_type=\"image-box.default\">\r\n\t\t\t\t<div class=\"elementor-widget-container\">\r\n\t\t\t<div class=\"elementor-image-box-wrapper\"><figure class=\"elementor-image-box-img\"><img loading=\"lazy\" decoding=\"async\" width=\"1145\" height=\"1600\" src=\"https:\/\/cdoc.serpaj.org.ar\/cdoc\/wp-content\/uploads\/2021\/04\/1-tapa.jpg\" class=\"attachment-full size-full\" alt=\"\" \/><\/figure><div class=\"elementor-image-box-content\"><h3 class=\"elementor-image-box-title\">Revista Paz y Justicia: Entre rejas (Primera edici\u00f3n)<\/h3><p class=\"elementor-image-box-description\">Esta primera edici\u00f3n de la revista busca dar cuenta de las realidades por las que atraviesan los j\u00f3venes privados de su libertad, en los  llamados Centros de Recepci\u00f3n,  todos sus derechos est\u00e1n vulnerados cuando el casi el 70% de estos j\u00f3venes est\u00e1s sin condena y desconocen como va su causa. Este trabajo se elabor\u00f3 en el marco del proyecto J\u00f3venes y Memoria de la Comisi\u00f3n Provincial por la Memoria. Este aporte busca contribuir a la libertad que todos merecemos. Autor: Aldea J\u00f3venes para la Paz, Pilar. A\u00f1o: 2014<\/p><\/div><\/div>\t\t<\/div>\r\n\t\t\t\t<\/div>\r\n\t\t\t\t<div class=\"elementor-element elementor-element-2fc65e7 elementor-widget elementor-widget-spacer\" data-id=\"2fc65e7\" data-element_type=\"widget\" data-widget_type=\"spacer.default\">\r\n\t\t\t\t<div class=\"elementor-widget-container\">\r\n\t\t\t\t\t<div class=\"elementor-spacer\">\r\n\t\t\t<div class=\"elementor-spacer-inner\"><\/div>\r\n\t\t<\/div>\r\n\t\t\t\t<\/div>\r\n\t\t\t\t<\/div>\r\n\t\t\t\t<div class=\"elementor-element elementor-element-106bd27 elementor-position-left elementor-vertical-align-top elementor-widget elementor-widget-image-box\" data-id=\"106bd27\" data-element_type=\"widget\" data-widget_type=\"image-box.default\">\r\n\t\t\t\t<div class=\"elementor-widget-container\">\r\n\t\t\t<div class=\"elementor-image-box-wrapper\"><figure class=\"elementor-image-box-img\"><img loading=\"lazy\" decoding=\"async\" width=\"223\" height=\"320\" src=\"https:\/\/cdoc.serpaj.org.ar\/cdoc\/wp-content\/uploads\/2021\/04\/talleres.jpg\" class=\"attachment-full size-full\" alt=\"\" \/><\/figure><div class=\"elementor-image-box-content\"><h3 class=\"elementor-image-box-title\">Capacitaciones para la promoci\u00f3n y fortalecimiento de la Cultura de Paz   \u00a0 <br\/>Cuadernillo de los talleres a\u00f1o 2012\u00a0<\/h3><p class=\"elementor-image-box-description\">Desde el Servicio Paz y Justicia sostenemos que una educaci\u00f3n en valores se hace necesaria para la construcci\u00f3n de un camino hacia la cultura de paz donde se promuevan patrones y estilos de vida que favorezcan el reconocimiento de la dignidad, la igualdad, el bienestar, el respeto, el cuidado por la naturaleza, el vivir confortablemente y la plena vigencia de los DDHH. &nbsp;<br>En la actualidad se puede afirmar que &nbsp;la sociedad en su conjunto est\u00e1 inmersa en una cultura de la violencia debido a diferentes patrones que al pasar el tiempo se acent\u00faan y se naturalizan cada vez m\u00e1s, podemos se\u00f1alar, entre otros el individualismo, la obtenci\u00f3n desmedida de bienes materiales no ya para el confort sino para la acumulaci\u00f3n y la apariencia, la desigualdad entre genero, la b\u00fasqueda de poder, las desigualdades, la discriminaci\u00f3n, la perpetuaci\u00f3n de estructuras injustas de dominaci\u00f3n, la resoluci\u00f3n de conflictos por medios violentos y el dominio de las grandes potencias hacia los m\u00e1s indefensos.<br>\n\nAutor: SERPAJ-CEDOC<br>\nA\u00f1o: 2013.<\/p><\/div><\/div>\t\t<\/div>\r\n\t\t\t\t<\/div>\r\n\t\t\t\t<div class=\"elementor-element elementor-element-8ff34ba elementor-widget elementor-widget-spacer\" data-id=\"8ff34ba\" data-element_type=\"widget\" data-widget_type=\"spacer.default\">\r\n\t\t\t\t<div class=\"elementor-widget-container\">\r\n\t\t\t\t\t<div class=\"elementor-spacer\">\r\n\t\t\t<div class=\"elementor-spacer-inner\"><\/div>\r\n\t\t<\/div>\r\n\t\t\t\t<\/div>\r\n\t\t\t\t<\/div>\r\n\t\t\t\t<div class=\"elementor-element elementor-element-f89a53d elementor-position-left elementor-vertical-align-top elementor-widget elementor-widget-image-box\" data-id=\"f89a53d\" data-element_type=\"widget\" data-widget_type=\"image-box.default\">\r\n\t\t\t\t<div class=\"elementor-widget-container\">\r\n\t\t\t<div class=\"elementor-image-box-wrapper\"><figure class=\"elementor-image-box-img\"><img loading=\"lazy\" decoding=\"async\" width=\"150\" height=\"203\" src=\"https:\/\/cdoc.serpaj.org.ar\/cdoc\/wp-content\/uploads\/2021\/04\/viacrucis.jpg\" class=\"attachment-full size-full\" alt=\"\" \/><\/figure><div class=\"elementor-image-box-content\"><h3 class=\"elementor-image-box-title\">V\u00eda Crucis Latinoamericano [DVD]<\/h3><p class=\"elementor-image-box-description\">Autores: Adolfo P\u00e9rez Esquivel\/Amanda Guerre\u00f1o\/Juan Varni\nEditorial: Sound Group y ABAI. [DVD]\nA\u00f1o: 1996\nEn el a\u00f1o 1992 se cumplieron 500 a\u00f1os del comienzo de la conquista de Am\u00e9rica (1492-1992). En el marco de la Conferencia Episcopal Alemana, Misereor encarga la obra  que consiste en un conjunto de 15 pa\u00f1os pintados en su totalidad por Adolfo P\u00e9rez  Esquivel, que relatan a trav\u00e9s de la pintura, con el acompa\u00f1amiento musical  posteriormente creado por la compositora Amanda Guerre\u00f1o y la realizaci\u00f3n de video  del artista visual Juan Varni; el V\u00eda Crucis de Cristo visto a trav\u00e9s de las problem\u00e1ticas que atraviesan Latinoam\u00e9rica y el mundo en sus guerras de baja o alta  intensidad, el hambre, las desigualdades sociales, las dictaduras, la represi\u00f3n, y los graves problemas ecol\u00f3gicos y medioambientales que esta sociedad trae consigo; as\u00ed como tambi\u00e9n las resistencias de nuestros pueblos latinoamericanos resucitando sus esperanzas en cada lucha. A la venta, en nuestra sede de Piedras 730.<\/p><\/div><\/div>\t\t<\/div>\r\n\t\t\t\t<\/div>\r\n\t\t\t\t<div class=\"elementor-element elementor-element-c086d2c elementor-widget elementor-widget-spacer\" data-id=\"c086d2c\" data-element_type=\"widget\" data-widget_type=\"spacer.default\">\r\n\t\t\t\t<div class=\"elementor-widget-container\">\r\n\t\t\t\t\t<div class=\"elementor-spacer\">\r\n\t\t\t<div class=\"elementor-spacer-inner\"><\/div>\r\n\t\t<\/div>\r\n\t\t\t\t<\/div>\r\n\t\t\t\t<\/div>\r\n\t\t\t\t<div class=\"elementor-element elementor-element-2fd3259 elementor-position-left elementor-vertical-align-top elementor-widget elementor-widget-image-box\" data-id=\"2fd3259\" data-element_type=\"widget\" data-widget_type=\"image-box.default\">\r\n\t\t\t\t<div class=\"elementor-widget-container\">\r\n\t\t\t<div class=\"elementor-image-box-wrapper\"><figure class=\"elementor-image-box-img\"><img loading=\"lazy\" decoding=\"async\" width=\"150\" height=\"195\" src=\"https:\/\/cdoc.serpaj.org.ar\/cdoc\/wp-content\/uploads\/2021\/04\/IIcongreso.jpg\" class=\"attachment-full size-full\" alt=\"\" \/><\/figure><div class=\"elementor-image-box-content\"><h3 class=\"elementor-image-box-title\">II Congreso de Las Lenguas. Por el respeto a la interculturalidad por el ejercicio de la memoria.<\/h3><p class=\"elementor-image-box-description\">Autor: Equipo de Pueblos Originarios del SERPAJ. Editorial: SERPAJ A\u00f1o: 2009 Del 18 al 21 de julio de 2007 en el Aula Magna de la Facultad de Medicina de la UBA se realiz\u00f3 la segunda edici\u00f3n del Congreso de las Lenguas como un nuevo aporte al respeto de la interculturalidad en la resistencia popular, por la recuperaci\u00f3n y fortalecimiento de las distintas visiones del mundo que las lenguas expresan. Si desea consultar para tener alguno de estos libros vis\u00edtenos o escriba a: <a href=\"mailto:pueblosoriginarios@serpaj.org.ar\">pueblosoriginarios@serpaj.org.ar.<\/a><\/p><\/div><\/div>\t\t<\/div>\r\n\t\t\t\t<\/div>\r\n\t\t\t\t<div class=\"elementor-element elementor-element-5de45d9 elementor-widget elementor-widget-spacer\" data-id=\"5de45d9\" data-element_type=\"widget\" data-widget_type=\"spacer.default\">\r\n\t\t\t\t<div class=\"elementor-widget-container\">\r\n\t\t\t\t\t<div class=\"elementor-spacer\">\r\n\t\t\t<div class=\"elementor-spacer-inner\"><\/div>\r\n\t\t<\/div>\r\n\t\t\t\t<\/div>\r\n\t\t\t\t<\/div>\r\n\t\t\t\t<div class=\"elementor-element elementor-element-899aa78 elementor-position-left elementor-vertical-align-top elementor-widget elementor-widget-image-box\" data-id=\"899aa78\" data-element_type=\"widget\" data-widget_type=\"image-box.default\">\r\n\t\t\t\t<div class=\"elementor-widget-container\">\r\n\t\t\t<div class=\"elementor-image-box-wrapper\"><figure class=\"elementor-image-box-img\"><img loading=\"lazy\" decoding=\"async\" width=\"150\" height=\"218\" src=\"https:\/\/cdoc.serpaj.org.ar\/cdoc\/wp-content\/uploads\/2021\/04\/thumb.php_-1.jpg\" class=\"attachment-full size-full\" alt=\"\" \/><\/figure><div class=\"elementor-image-box-content\"><h3 class=\"elementor-image-box-title\">La Abuela de Hierro. El Reencuentro de Carla con la vida, el amor y la libertad<\/h3><p class=\"elementor-image-box-description\">Autor: Juan Carlos Mart\u00ednez<br\/>\nEditorial: SERPAJ A\u00f1o: 1995 <br\/>Testimonio de lo que puede la perseverancia, la fuerza de amar, la resistencia y el coraje de una mujer, la abuela Sacha, que no claudica ante la adversidad para encontrar a su nieta. Anexos: \u00bfC\u00f3mo nacen las abuelas?; Documentos pol\u00edticos de \u00e9poca; Testimonios desde los centros de detenci\u00f3n y desaparici\u00f3n.<\/p><\/div><\/div>\t\t<\/div>\r\n\t\t\t\t<\/div>\r\n\t\t\t\t\t<\/div>\r\n\t\t<\/div>\r\n\t\t\t\t\t\t\t<\/div>\r\n\t\t<\/section>\r\n\t\t\t\t\t\t\t<\/div>\r\n\t\t","protected":false},"excerpt":{"rendered":"<p>Revista de SERPAJ Latinoam\u00e9rica N\u00b01 Revista Latinoamericana Noviolenta, Ecum\u00e9nica, Pol\u00edtica, de Cultura de Paz y Derechos Humanos. Revista No. 001 Abril-Junio 2021 Derechos de los Pueblos. Andares desde el Sur Pr\u00f3logo de Adolfo P\u00e9rez Esquivel. Este libro es una especie de un gran tejido colectivo de experiencias y miradas que al momento de publicarlo sigue&hellip;&nbsp;<a href=\"https:\/\/cdoc.serpaj.org.ar\/cdoc\/?page_id=268\" class=\"\" rel=\"bookmark\">Leer m\u00e1s &raquo;<span class=\"screen-reader-text\">Publicaciones<\/span><\/a><\/p>\n","protected":false},"author":1,"featured_media":0,"parent":0,"menu_order":0,"comment_status":"closed","ping_status":"closed","template":"","meta":{"neve_meta_sidebar":"default","neve_meta_container":"contained","neve_meta_enable_content_width":"","neve_meta_content_width":0,"neve_meta_title_alignment":"","neve_meta_author_avatar":"","neve_post_elements_order":"","neve_meta_disable_header":"off","neve_meta_disable_footer":"","neve_meta_disable_title":"","_themeisle_gutenberg_block_has_review":false,"_ti_tpc_template_sync":false,"_ti_tpc_template_id":"","footnotes":""},"class_list":["post-268","page","type-page","status-publish","hentry"],"_links":{"self":[{"href":"https:\/\/cdoc.serpaj.org.ar\/cdoc\/index.php?rest_route=\/wp\/v2\/pages\/268","targetHints":{"allow":["GET"]}}],"collection":[{"href":"https:\/\/cdoc.serpaj.org.ar\/cdoc\/index.php?rest_route=\/wp\/v2\/pages"}],"about":[{"href":"https:\/\/cdoc.serpaj.org.ar\/cdoc\/index.php?rest_route=\/wp\/v2\/types\/page"}],"author":[{"embeddable":true,"href":"https:\/\/cdoc.serpaj.org.ar\/cdoc\/index.php?rest_route=\/wp\/v2\/users\/1"}],"replies":[{"embeddable":true,"href":"https:\/\/cdoc.serpaj.org.ar\/cdoc\/index.php?rest_route=%2Fwp%2Fv2%2Fcomments&post=268"}],"version-history":[{"count":71,"href":"https:\/\/cdoc.serpaj.org.ar\/cdoc\/index.php?rest_route=\/wp\/v2\/pages\/268\/revisions"}],"predecessor-version":[{"id":672,"href":"https:\/\/cdoc.serpaj.org.ar\/cdoc\/index.php?rest_route=\/wp\/v2\/pages\/268\/revisions\/672"}],"wp:attachment":[{"href":"https:\/\/cdoc.serpaj.org.ar\/cdoc\/index.php?rest_route=%2Fwp%2Fv2%2Fmedia&parent=268"}],"curies":[{"name":"wp","href":"https:\/\/api.w.org\/{rel}","templated":true}]}}